{"id":122,"date":"2026-04-21T16:39:34","date_gmt":"2026-04-21T14:39:34","guid":{"rendered":"https:\/\/www.fundaciohumanitas.org\/aviso-legal\/"},"modified":"2026-08-10T07:57:00","modified_gmt":"2026-08-10T05:57:00","slug":"avis-legal","status":"publish","type":"page","link":"https:\/\/www.fundaciohumanitas.org\/ca\/avis-legal\/","title":{"rendered":"Av\u00eds Legal"},"content":{"rendered":"<p>Fundaci\u00f3 Humanitas Internacional, amb domicili al carrer Marina 148, entresol 3a, 08013 Barcelona, i amb NIF G19739440, \u00e9s la titular del lloc web (www.fundaciohumanitas.org).<\/p>\n<p>&nbsp;<\/p>\n<h2>Notes legals i condicions d&#8217;\u00fas<\/h2>\n<p>Les condicions d&#8217;\u00fas tenen la finalitat de facilitar a l&#8217;usuari informaci\u00f3 relativa a la Fundaci\u00f3 Humanitas Internacional, les seves activitats i productes, les not\u00edcies publicades i les seves diferents \u00e0rees de negoci. (www.fundaciohumanitas.org) t\u00e9 car\u00e0cter informatiu.<\/p>\n<p>&nbsp;<\/p>\n<p>Tant la navegaci\u00f3 com l&#8217;acc\u00e9s a la informaci\u00f3 publicada a (www.fundaciohumanitas.org) suposen l&#8217;acceptaci\u00f3 com a usuari, sense reserves de cap tipus, de totes i cadascuna d&#8217;aquestes condicions:<\/p>\n<p>&nbsp;<\/p>\n<p>La Fundaci\u00f3 Humanitas Internacional podr\u00e0 denegar l&#8217;acc\u00e9s al web als usuaris que facin un mal \u00fas dels continguts.<\/p>\n<p>&nbsp;<\/p>\n<p>L&#8217;usuari es compromet a fer un \u00fas diligent del web, aix\u00ed com de la informaci\u00f3 que cont\u00e9.<\/p>\n<p>&nbsp;<\/p>\n<p>L&#8217;usuari t\u00e9 l&#8217;obligaci\u00f3 de fer un \u00fas exclusiu del web, i de tots els seus continguts, per a fins l\u00edcits i no prohibits, que no infringeixin la legalitat vigent i\/o puguin resultar lesius dels drets leg\u00edtims de la Fundaci\u00f3 Humanitas Internacional o d&#8217;un tercer i\/o que puguin causar danys o perjudicis de manera directa o indirecta.<\/p>\n<p>&nbsp;<\/p>\n<h2>Continguts i drets d&#8217;autor<\/h2>\n<p>Tots els continguts que es publiquen a trav\u00e9s d&#8217;aquest web, els textos, fotografies, gr\u00e0fics, imatges, icones, tecnologia, programari, enlla\u00e7os i altres continguts audiovisuals o sonors, aix\u00ed com el seu disseny gr\u00e0fic, codis font i qualsevol altre material, s\u00f3n titularitat de la Fundaci\u00f3 Humanitas Internacional o de tercers que ens han autoritzat a utilitzar-los.<\/p>\n<p>&nbsp;<\/p>\n<p>L&#8217;usuari es compromet a abstenir-se de: reproduir, copiar, distribuir, transformar o modificar els continguts. En aquest sentit, l&#8217;usuari no podr\u00e0 suprimir, manipular ni alterar de cap altra manera el \u00abcopyright\u00bb i les altres dades identificatives de la reserva de drets de la Fundaci\u00f3 Humanitas Internacional.<\/p>\n<p>&nbsp;<\/p>\n<p>L&#8217;usuari es compromet a no transmetre, difondre o posar a disposici\u00f3 de tercers informacions, dades, continguts, missatges, gr\u00e0fics, dibuixos, arxius de so i\/o imatge, fotografies, enregistraments, programari i, en general, qualsevol tipus de material propietat d&#8217;aquest web, aix\u00ed com a abstenir-se de realitzar actes que:<\/p>\n<ul>\n<li>Indueixin, incitin o promoguin actuacions delictives, difamat\u00f2ries, violentes o, en general, contr\u00e0ries a la llei.<\/li>\n<li>Constitueixin, si escau, publicitat il\u00b7l\u00edcita, enganyosa o lleial i, en general, que constitueixin compet\u00e8ncia deslleial o vulnerin les normes reguladores de la protecci\u00f3 de dades de car\u00e0cter personal.<\/li>\n<li>Incorporin virus que puguin danyar o impedir el funcionament normal del web.<\/li>\n<\/ul>\n<p>&nbsp;<\/p>\n<p>L&#8217;usuari respondr\u00e0 dels danys i perjudicis de tot tipus que la Fundaci\u00f3 Humanitas Internacional pugui patir com a conseq\u00fc\u00e8ncia de l&#8217;incompliment de qualsevol de les obligacions.<\/p>\n<p>&nbsp;<\/p>\n<h2>Exoneraci\u00f3 de responsabilitat de la Fundaci\u00f3 Humanitas Internacional<\/h2>\n<p>La Fundaci\u00f3 Humanitas Internacional no assumir\u00e0 la responsabilitat:<\/p>\n<p>\u2022 Per l&#8217;\u00fas que els usuaris puguin fer dels materials d&#8217;aquest web i\/o webs d&#8217;enlla\u00e7, ja siguin prohibits o permesos, en infracci\u00f3 dels drets de propietat intel\u00b7lectual i\/o industrial de continguts del web o de tercers.<\/p>\n<p>\u2022 Dels danys i perjudicis als usuaris causats per un funcionament normal o anormal de les eines de cerca, de l&#8217;organitzaci\u00f3 o la localitzaci\u00f3 dels continguts. En general, dels errors o problemes que es generin en el desenvolupament o la instrumentaci\u00f3 dels elements t\u00e8cnics que el web faciliti a l&#8217;usuari.<\/p>\n<p>&nbsp;<\/p>\n<p>La Fundaci\u00f3 Humanitas Internacional no garanteix:<\/p>\n<p>\u2022 Que l&#8217;acc\u00e9s al web i\/o als webs d&#8217;enlla\u00e7 sigui ininterromput o estigui lliure d&#8217;errors.<\/p>\n<p>\u2022 Que el contingut al qual accedeixen els usuaris a trav\u00e9s del web no contingui cap error o altres elements en els continguts que puguin produir alteracions en el seu sistema.<\/p>\n<p>&nbsp;<\/p>\n<p>La informaci\u00f3 continguda al web ha de ser considerada pels usuaris com a divulgativa i orientativa, tant pel que fa a la seva finalitat com als seus efectes.<\/p>\n<p>&nbsp;<\/p>\n<h2>Pol\u00edtica de Privacitat: protecci\u00f3 de dades de car\u00e0cter personal<\/h2>\n<p>Els usuaris es comprometen a navegar per la p\u00e0gina web i a utilitzar el seu contingut de bona fe.<\/p>\n<p>&nbsp;<\/p>\n<p>En compliment del que estableix la normativa de protecci\u00f3 de dades en vigor, aix\u00ed com el Reglament europeu de protecci\u00f3 de dades, us informem que les dades de car\u00e0cter personal incorporades per a l&#8217;ompliment de qualsevol formulari existent en aquest web, seran tractades amb la m\u00e0xima confidencialitat i formaran part dels fitxers propietat de la Fundaci\u00f3 Humanitas per a la seva gesti\u00f3 i per donar-hi resposta, aix\u00ed com per a la gesti\u00f3 comercial que els mefereixi.<\/p>\n<p>&nbsp;<\/p>\n<p>D&#8217;acord amb la legislaci\u00f3 vigent en mat\u00e8ria de protecci\u00f3 de dades, la Fundaci\u00f3 Humanitas ha adoptat els nivells de seguretat adequats a les dades facilitades pels usuaris i, a m\u00e9s, ha instal\u00b7lat tots els mitjans i mesures al seu abast per evitar la p\u00e8rdua, el mal \u00fas, l&#8217;alteraci\u00f3, l&#8217;acc\u00e9s no autoritzat i l&#8217;extracci\u00f3 d&#8217;aquestes.<\/p>\n<p>&nbsp;<\/p>\n<p>En qualsevol moment i segons estableix la normativa en vigor i el RGPD, els usuaris podran exercir els drets d&#8217;acc\u00e9s, rectificaci\u00f3, supressi\u00f3, limitaci\u00f3, portabilitat i oposici\u00f3 de les seves dades personals i revocar el consentiment per a les comunicacions comercials.<\/p>\n<p>&nbsp;<\/p>\n<h2>Utilitzaci\u00f3 de cookies<\/h2>\n<p>Per a la utilitzaci\u00f3 d&#8217;aquest web, \u00e9s necessari l&#8217;\u00fas de cookies i petits fitxers de dades. Les cookies s&#8217;utilitzen amb la finalitat de millorar el servei prestat per la Fundaci\u00f3 Humanitas i s\u00f3n acceptades per l&#8217;usuari en el moment d&#8217;accedir al web. En cap cas no s&#8217;emmagatzemar\u00e0 cap tipus d&#8217;informaci\u00f3 personal relativa als usuaris i tota la informaci\u00f3 obtinguda ser\u00e0 an\u00f2nima.<\/p>\n<p>&nbsp;<\/p>\n<h2>Propietat intel\u00b7lectual i industrial<\/h2>\n<p>La Fundaci\u00f3 Humanitas t\u00e9 tots els drets sobre el contingut, el disseny, el codi font del web, fotografies, imatges, textos, logotips, dissenys, marques, noms comercials i dades que s&#8217;inclouen al web.<\/p>\n<p>&nbsp;<\/p>\n<p>Queda expressament prohibida la reproducci\u00f3 total o parcial del web, i de qualsevol dels seus continguts, sense el perm\u00eds de la Fundaci\u00f3 Humanitas.<\/p>\n<p>&nbsp;<\/p>\n<h2>Guia d&#8217;\u00fas segur:<\/h2>\n<p>No utilitzeu enlla\u00e7os incorporats en correus electr\u00f2nics o p\u00e0gines web de tercers per accedir a aquest web. Peri\u00f2dicament es detecten enviaments de correus massius indiscriminats, des d&#8217;adreces electr\u00f2niques falses, amb l&#8217;\u00fanic objectiu d&#8217;aconseguir informaci\u00f3 confidencial dels usuaris. Aquesta t\u00e8cnica es coneix amb el nom de phishing. La Fundaci\u00f3 Humanitas declina qualsevol responsabilitat aliena sobre aquesta q\u00fcesti\u00f3.<\/p>\n","protected":false},"excerpt":{"rendered":"<p>Fundaci\u00f3 Humanitas Internacional, amb domicili al carrer Marina 148, entresol 3a, 08013 Barcelona, i amb NIF G19739440, \u00e9s la titular del lloc web (www.fundaciohumanitas.org). &nbsp; Notes legals i condicions d&#8217;\u00fas Les condicions d&#8217;\u00fas tenen la finalitat de facilitar a l&#8217;usuari informaci\u00f3 relativa a la Fundaci\u00f3 Humanitas Internacional, les seves activitats i productes, les not\u00edcies publicades [&hellip;]<\/p>\n","protected":false},"author":1,"featured_media":0,"parent":0,"menu_order":35,"comment_status":"closed","ping_status":"closed","template":"app-templates\/page-legal.php","meta":{"_acf_changed":false,"footnotes":""},"class_list":["post-122","page","type-page","status-publish","hentry"],"acf":[],"_links":{"self":[{"href":"https:\/\/www.fundaciohumanitas.org\/ca\/wp-json\/wp\/v2\/pages\/122","targetHints":{"allow":["GET"]}}],"collection":[{"href":"https:\/\/www.fundaciohumanitas.org\/ca\/wp-json\/wp\/v2\/pages"}],"about":[{"href":"https:\/\/www.fundaciohumanitas.org\/ca\/wp-json\/wp\/v2\/types\/page"}],"author":[{"embeddable":true,"href":"https:\/\/www.fundaciohumanitas.org\/ca\/wp-json\/wp\/v2\/users\/1"}],"replies":[{"embeddable":true,"href":"https:\/\/www.fundaciohumanitas.org\/ca\/wp-json\/wp\/v2\/comments?post=122"}],"version-history":[{"count":5,"href":"https:\/\/www.fundaciohumanitas.org\/ca\/wp-json\/wp\/v2\/pages\/122\/revisions"}],"predecessor-version":[{"id":1939,"href":"https:\/\/www.fundaciohumanitas.org\/ca\/wp-json\/wp\/v2\/pages\/122\/revisions\/1939"}],"wp:attachment":[{"href":"https:\/\/www.fundaciohumanitas.org\/ca\/wp-json\/wp\/v2\/media?parent=122"}],"curies":[{"name":"wp","href":"https:\/\/api.w.org\/{rel}","templated":true}]}}

Avís Legal

<p>Fundació Humanitas Internacional, amb domicili al carrer Marina 148, entresol 3a, 08013 Barcelona, i amb NIF G19739440, és la titular del lloc web (www.fundaciohumanitas.org).</p>
<p>&nbsp;</p>
<h2>Notes legals i condicions d&#8217;ús</h2>
<p>Les condicions d&#8217;ús tenen la finalitat de facilitar a l&#8217;usuari informació relativa a la Fundació Humanitas Internacional, les seves activitats i productes, les notícies publicades i les seves diferents àrees de negoci. (www.fundaciohumanitas.org) té caràcter informatiu.</p>
<p>&nbsp;</p>
<p>Tant la navegació com l&#8217;accés a la informació publicada a (www.fundaciohumanitas.org) suposen l&#8217;acceptació com a usuari, sense reserves de cap tipus, de totes i cadascuna d&#8217;aquestes condicions:</p>
<p>&nbsp;</p>
<p>La Fundació Humanitas Internacional podrà denegar l&#8217;accés al web als usuaris que facin un mal ús dels continguts.</p>
<p>&nbsp;</p>
<p>L&#8217;usuari es compromet a fer un ús diligent del web, així com de la informació que conté.</p>
<p>&nbsp;</p>
<p>L&#8217;usuari té l&#8217;obligació de fer un ús exclusiu del web, i de tots els seus continguts, per a fins lícits i no prohibits, que no infringeixin la legalitat vigent i/o puguin resultar lesius dels drets legítims de la Fundació Humanitas Internacional o d&#8217;un tercer i/o que puguin causar danys o perjudicis de manera directa o indirecta.</p>
<p>&nbsp;</p>
<h2>Continguts i drets d&#8217;autor</h2>
<p>Tots els continguts que es publiquen a través d&#8217;aquest web, els textos, fotografies, gràfics, imatges, icones, tecnologia, programari, enllaços i altres continguts audiovisuals o sonors, així com el seu disseny gràfic, codis font i qualsevol altre material, són titularitat de la Fundació Humanitas Internacional o de tercers que ens han autoritzat a utilitzar-los.</p>
<p>&nbsp;</p>
<p>L&#8217;usuari es compromet a abstenir-se de: reproduir, copiar, distribuir, transformar o modificar els continguts. En aquest sentit, l&#8217;usuari no podrà suprimir, manipular ni alterar de cap altra manera el «copyright» i les altres dades identificatives de la reserva de drets de la Fundació Humanitas Internacional.</p>
<p>&nbsp;</p>
<p>L&#8217;usuari es compromet a no transmetre, difondre o posar a disposició de tercers informacions, dades, continguts, missatges, gràfics, dibuixos, arxius de so i/o imatge, fotografies, enregistraments, programari i, en general, qualsevol tipus de material propietat d&#8217;aquest web, així com a abstenir-se de realitzar actes que:</p>
<ul>
<li>Indueixin, incitin o promoguin actuacions delictives, difamatòries, violentes o, en general, contràries a la llei.</li>
<li>Constitueixin, si escau, publicitat il·lícita, enganyosa o lleial i, en general, que constitueixin competència deslleial o vulnerin les normes reguladores de la protecció de dades de caràcter personal.</li>
<li>Incorporin virus que puguin danyar o impedir el funcionament normal del web.</li>
</ul>
<p>&nbsp;</p>
<p>L&#8217;usuari respondrà dels danys i perjudicis de tot tipus que la Fundació Humanitas Internacional pugui patir com a conseqüència de l&#8217;incompliment de qualsevol de les obligacions.</p>
<p>&nbsp;</p>
<h2>Exoneració de responsabilitat de la Fundació Humanitas Internacional</h2>
<p>La Fundació Humanitas Internacional no assumirà la responsabilitat:</p>
<p>• Per l&#8217;ús que els usuaris puguin fer dels materials d&#8217;aquest web i/o webs d&#8217;enllaç, ja siguin prohibits o permesos, en infracció dels drets de propietat intel·lectual i/o industrial de continguts del web o de tercers.</p>
<p>• Dels danys i perjudicis als usuaris causats per un funcionament normal o anormal de les eines de cerca, de l&#8217;organització o la localització dels continguts. En general, dels errors o problemes que es generin en el desenvolupament o la instrumentació dels elements tècnics que el web faciliti a l&#8217;usuari.</p>
<p>&nbsp;</p>
<p>La Fundació Humanitas Internacional no garanteix:</p>
<p>• Que l&#8217;accés al web i/o als webs d&#8217;enllaç sigui ininterromput o estigui lliure d&#8217;errors.</p>
<p>• Que el contingut al qual accedeixen els usuaris a través del web no contingui cap error o altres elements en els continguts que puguin produir alteracions en el seu sistema.</p>
<p>&nbsp;</p>
<p>La informació continguda al web ha de ser considerada pels usuaris com a divulgativa i orientativa, tant pel que fa a la seva finalitat com als seus efectes.</p>
<p>&nbsp;</p>
<h2>Política de Privacitat: protecció de dades de caràcter personal</h2>
<p>Els usuaris es comprometen a navegar per la pàgina web i a utilitzar el seu contingut de bona fe.</p>
<p>&nbsp;</p>
<p>En compliment del que estableix la normativa de protecció de dades en vigor, així com el Reglament europeu de protecció de dades, us informem que les dades de caràcter personal incorporades per a l&#8217;ompliment de qualsevol formulari existent en aquest web, seran tractades amb la màxima confidencialitat i formaran part dels fitxers propietat de la Fundació Humanitas per a la seva gestió i per donar-hi resposta, així com per a la gestió comercial que els mefereixi.</p>
<p>&nbsp;</p>
<p>D&#8217;acord amb la legislació vigent en matèria de protecció de dades, la Fundació Humanitas ha adoptat els nivells de seguretat adequats a les dades facilitades pels usuaris i, a més, ha instal·lat tots els mitjans i mesures al seu abast per evitar la pèrdua, el mal ús, l&#8217;alteració, l&#8217;accés no autoritzat i l&#8217;extracció d&#8217;aquestes.</p>
<p>&nbsp;</p>
<p>En qualsevol moment i segons estableix la normativa en vigor i el RGPD, els usuaris podran exercir els drets d&#8217;accés, rectificació, supressió, limitació, portabilitat i oposició de les seves dades personals i revocar el consentiment per a les comunicacions comercials.</p>
<p>&nbsp;</p>
<h2>Utilització de cookies</h2>
<p>Per a la utilització d&#8217;aquest web, és necessari l&#8217;ús de cookies i petits fitxers de dades. Les cookies s&#8217;utilitzen amb la finalitat de millorar el servei prestat per la Fundació Humanitas i són acceptades per l&#8217;usuari en el moment d&#8217;accedir al web. En cap cas no s&#8217;emmagatzemarà cap tipus d&#8217;informació personal relativa als usuaris i tota la informació obtinguda serà anònima.</p>
<p>&nbsp;</p>
<h2>Propietat intel·lectual i industrial</h2>
<p>La Fundació Humanitas té tots els drets sobre el contingut, el disseny, el codi font del web, fotografies, imatges, textos, logotips, dissenys, marques, noms comercials i dades que s&#8217;inclouen al web.</p>
<p>&nbsp;</p>
<p>Queda expressament prohibida la reproducció total o parcial del web, i de qualsevol dels seus continguts, sense el permís de la Fundació Humanitas.</p>
<p>&nbsp;</p>
<h2>Guia d&#8217;ús segur:</h2>
<p>No utilitzeu enllaços incorporats en correus electrònics o pàgines web de tercers per accedir a aquest web. Periòdicament es detecten enviaments de correus massius indiscriminats, des d&#8217;adreces electròniques falses, amb l&#8217;únic objectiu d&#8217;aconseguir informació confidencial dels usuaris. Aquesta tècnica es coneix amb el nom de phishing. La Fundació Humanitas declina qualsevol responsabilitat aliena sobre aquesta qüestió.</p>

<p>Fundació Humanitas Internacional, amb domicili al carrer Marina 148, entresol 3a, 08013 Barcelona, i amb NIF G19739440, és la titular del lloc web (www.fundaciohumanitas.org). &nbsp; Notes legals i condicions d&#8217;ús Les condicions d&#8217;ús tenen la finalitat de facilitar a l&#8217;usuari informació relativa a la Fundació Humanitas Internacional, les seves activitats i productes, les notícies publicades [&hellip;]</p>
