{"id":116,"date":"2026-04-21T15:00:54","date_gmt":"2026-04-21T13:00:54","guid":{"rendered":"https:\/\/www.fundaciohumanitas.org\/politica-privacidad\/"},"modified":"2026-08-27T14:36:16","modified_gmt":"2026-08-27T12:36:16","slug":"politica-privacidad","status":"publish","type":"page","link":"https:\/\/www.fundaciohumanitas.org\/ca\/politica-privacidad\/","title":{"rendered":"Pol\u00edtica de Privacitat"},"content":{"rendered":"<p>Les seves dades personals seran tractades de manera confidencial i nom\u00e9s per a aquelles finalitats que vost\u00e8 hagi consentit, tal com s&#8217;explica a continuaci\u00f3 en aquesta Pol\u00edtica de Privacitat i en cadascuna de les Pol\u00edtiques de Privacitat dels diferents formularis.<\/p>\n<p>&nbsp;<\/p>\n<h2>Comprom\u00eds amb la privacitat<\/h2>\n<p><strong>Fundaci\u00f3n Humanitas Internacional<\/strong> est<span class=\"citation-3795 citation-end-3795\">\u00e0 plenament compromesa amb el compliment de la normativa i el Reglament General de Protecci\u00f3 de Dades de la Uni\u00f3 Europea i la normativa relativa a la protecci\u00f3 de dades de car\u00e0cter personal vigent en cada moment.<\/span><\/p>\n<p>&nbsp;<\/p>\n<p><strong>Fundaci\u00f3n Humanitas Internacional<\/strong> ha pres la determinaci\u00f3 d&#8217;implementar els principis seg\u00fcents, essent la privacitat la base sobre la qual es configuren tots els tractaments:<\/p>\n<ul>\n<li>La transpar\u00e8ncia en el tractament de dades: sempre que captem dades personals sobre vost\u00e8, l&#8217;informarem degudament de les finalitats d&#8217;aquest tractament a la pol\u00edtica de privacitat corresponent.<\/li>\n<li>Sempre tractarem les dades que siguin estrictament necess\u00e0ries per dur a terme el tractament informat.<\/li>\n<li>Mai l&#8217;obligarem a proporcionar dades personals, a menys que realment siguin necess\u00e0ries per prestar-li el servei que, si escau, ens sol\u00b7liciti.<\/li>\n<li>No compartirem dades amb cap tercer, excepte amb aquells prove\u00efdors que ens prestin un servei, o amb aquells dels quals vost\u00e8 hagi estat pr\u00e8viament informat i ens hagi donat el seu consentiment.<\/li>\n<\/ul>\n<p>&nbsp;<\/p>\n<p><strong>Fundaci\u00f3n Humanitas Internacional<\/strong> <span class=\"citation-3794 citation-end-3794\">obt\u00e9 les seves dades personals per poder gestionar les seves sol\u00b7licituds i oferir-li els serveis i productes en qu\u00e8 pugui estar interessat. En concret, tractem les seves dades personals amb les finalitats seg\u00fc<\/span>ents:<\/p>\n<ul>\n<li>Atendre les seves consultes, preguntes o sol\u00b7licituds realitzades a trav\u00e9s dels canals d&#8217;atenci\u00f3 o comunicaci\u00f3 o premsa identificats a cada p\u00e0gina web i posar-nos en contacte amb vost\u00e8 per resoldre-les.<\/li>\n<li>Millorar les nostres p\u00e0gines web, serveis i productes i oferir un millor servei i contingut.<\/li>\n<li>Oferir-li acc\u00e9s als espais restringits de la nostra p\u00e0gina web (el registre pot exigir l&#8217;acceptaci\u00f3 d&#8217;una pol\u00edtica de privacitat espec\u00edfica).<\/li>\n<\/ul>\n<p>&nbsp;<\/p>\n<h2>Enviament de comunicacions comercials<\/h2>\n<p><strong>Fundaci\u00f3n Humanitas Internacional<\/strong> pot facilitar-li recursos de registre o subscripci\u00f3 a not\u00edcies o informaci\u00f3 general o comercial de la companyia. Aquests recursos estaran sempre subjectes al seu consentiment per remetre&#8217;ls. En el cas que ens hagi autoritzat, Fundaci\u00f3 Humanitas Internacional li <span class=\"citation-3793 citation-end-3793\">enviar\u00e0 informaci\u00f3 sobre els seus productes, activitats i serveis personalitzats per a vost\u00e8, d&#8217;acord amb els seus gustos i les seves prefer\u00e8ncies.<\/span> <span class=\"citation-3792 citation-end-3792\">Podr\u00e0 revocar el seu consentiment a rebre comunicacions comercials en qualsevol moment, mitjan\u00e7an<\/span>t el enlla\u00e7 o bot\u00f3 a l&#8217;efecte en cadascuna de les comunicacions.<\/p>\n<div class=\"source-inline-chip-container luminous-sources ng-star-inserted\"><\/div>\n<p>&nbsp;<\/p>\n<h2>Durada del tractament i termini de conservaci\u00f3<\/h2>\n<p>En <strong>Fundaci\u00f3n Humanitas Internacional<\/strong>, <span class=\"citation-3790 citation-3791 citation-end-3791\">tractem les dades personals mentre realment ens siguin \u00fatils i puguem oferir-li un servei de qualitat. Per aix\u00f2, minimitzem el termini de tractament i la conservaci\u00f3 de les dades personals.<\/span> <span class=\"citation-3788 citation-3789 citation-end-3789\">En qualsevol c<\/span><span class=\"citation-3788 citation-end-3788\">as, i encara que ens sol\u00b7lic<\/span>iti que eliminem les seves dades, podrem conservar-les i mantenir-les, sota el bloqueig adequat, durant el termini necessari per complir les nostres obligacions legals.<\/p>\n<div class=\"source-inline-chip-container luminous-sources ng-star-inserted\"><\/div>\n<p>&nbsp;<\/p>\n<h2>Exercici de drets i reclamacions davant l&#8217;AEPD<\/h2>\n<p>Com a conseq\u00fc\u00e8ncia del tractament de les seves dades personals per part de la Fundaci\u00f3 Humanitas Internacional, la legislaci\u00f3 vigent li atorga una s\u00e8rie <span class=\"citation-3786 citation-3787 citation-end-3787\">de drets:<\/span><\/p>\n<ul>\n<li><b data-path-to-node=\"10,0,0\" data-index-in-node=\"0\"><span class=\"citation-3784 citation-3785\">Dret d&#8217;acc\u00e9s:<\/span><\/b><span class=\"citation-3784 citation-3785 citation-end-3785\"> Vost\u00e8 tindr\u00e0 dret a con\u00e8ixer les dades personals que tractem sobre vost\u00e8 i les finalitats amb qu\u00e8 les tractem.<\/span><\/li>\n<li><b data-path-to-node=\"10,1,0\" data-index-in-node=\"0\"><span class=\"citation-3782 citation-3783\">Dret de rectificaci\u00f3:<\/span><\/b><span class=\"citation-3782 citation-3783 citation-end-3783\"> Pot sol\u00b7licitar-nos la seva rectificaci\u00f3 en qualsevol moment en cas que aquelles que es<\/span><span class=\"citation-3782 citation-end-3782\">tiguessi<\/span>n en els nostres registres fossin err\u00f2nies.<\/li>\n<li><b data-path-to-node=\"10,2,0\" data-index-in-node=\"0\">Dret de supressi\u00f3:<\/b> Podr\u00e0 sol\u00b7licitar, en qualsevol moment, que les seves dades personals siguin suprimides dels nostres arxius.<\/li>\n<li><b data-path-to-node=\"10,3,0\" data-index-in-node=\"0\"><span class=\"citation-3779 citation-3780 citation-3781\">Dret d&#8217;oposici\u00f3:<\/span><\/b><span class=\"citation-3779 citation-3780 citation-3781 citation-end-3781\"> Vost\u00e8 podr\u00e0 oposar-se al tractament de les seves dades en relaci\u00f3 amb qualsevol de les finalitats amb qu\u00e8 tractem les seves dades, d&#8217;acord amb les pol\u00edtiques de privacitat aplicables en cada cas.<\/span><\/li>\n<li><b data-path-to-node=\"10,4,0\" data-index-in-node=\"0\"><span class=\"citation-3776 citation-3777 citation-3778 citation-end-3778\">Dre<\/span><span class=\"citation-3776 citation-3777\">t de limitaci\u00f3 del tractament:<\/span><\/b><span class=\"citation-3776 citation-3777 citation-end-3777\"> Vost\u00e8 podr\u00e0 sol\u00b7licitar la limitaci\u00f3 del tracta<\/span><span class=\"citation-3776 citation-end-3776\">ment, si considera que les dades que mantenim sobre vost\u00e8 no s\u00f3n correctes o exactes; s<\/span>i considera que no estem tractant les seves dades de manera leg\u00edtima i prefereix que limitem el tractament d&#8217;aquestes a la seva eliminaci\u00f3; o si les dades que mantenim ja no ens s\u00f3n necess\u00e0ries conforment a la finalitat per a la qual les vam recollir.<\/li>\n<\/ul>\n<p>&nbsp;<\/p>\n<h2>Confidencialitat<\/h2>\n<p>Ens mecomprometem a tractar les seves dades amb la m\u00e0xima confidencialitat i discreci\u00f3, aix\u00ed com a implementar totes les mesures de seguretat que considerem oportunes i raonables.<\/p>\n","protected":false},"excerpt":{"rendered":"<p>Les seves dades personals seran tractades de manera confidencial i nom\u00e9s per a aquelles finalitats que vost\u00e8 hagi consentit, tal com s&#8217;explica a continuaci\u00f3 en aquesta Pol\u00edtica de Privacitat i en cadascuna de les Pol\u00edtiques de Privacitat dels diferents formularis. &nbsp; Comprom\u00eds amb la privacitat Fundaci\u00f3n Humanitas Internacional est\u00e0 plenament compromesa amb el compliment de [&hellip;]<\/p>\n","protected":false},"author":1,"featured_media":0,"parent":0,"menu_order":28,"comment_status":"closed","ping_status":"open","template":"app-templates\/page-legal.php","meta":{"_acf_changed":false,"footnotes":""},"class_list":["post-116","page","type-page","status-publish","hentry"],"acf":[],"_links":{"self":[{"href":"https:\/\/www.fundaciohumanitas.org\/ca\/wp-json\/wp\/v2\/pages\/116","targetHints":{"allow":["GET"]}}],"collection":[{"href":"https:\/\/www.fundaciohumanitas.org\/ca\/wp-json\/wp\/v2\/pages"}],"about":[{"href":"https:\/\/www.fundaciohumanitas.org\/ca\/wp-json\/wp\/v2\/types\/page"}],"author":[{"embeddable":true,"href":"https:\/\/www.fundaciohumanitas.org\/ca\/wp-json\/wp\/v2\/users\/1"}],"replies":[{"embeddable":true,"href":"https:\/\/www.fundaciohumanitas.org\/ca\/wp-json\/wp\/v2\/comments?post=116"}],"version-history":[{"count":15,"href":"https:\/\/www.fundaciohumanitas.org\/ca\/wp-json\/wp\/v2\/pages\/116\/revisions"}],"predecessor-version":[{"id":1951,"href":"https:\/\/www.fundaciohumanitas.org\/ca\/wp-json\/wp\/v2\/pages\/116\/revisions\/1951"}],"wp:attachment":[{"href":"https:\/\/www.fundaciohumanitas.org\/ca\/wp-json\/wp\/v2\/media?parent=116"}],"curies":[{"name":"wp","href":"https:\/\/api.w.org\/{rel}","templated":true}]}}

Política de Privacitat

<p>Les seves dades personals seran tractades de manera confidencial i només per a aquelles finalitats que vostè hagi consentit, tal com s&#8217;explica a continuació en aquesta Política de Privacitat i en cadascuna de les Polítiques de Privacitat dels diferents formularis.</p>
<p>&nbsp;</p>
<h2>Compromís amb la privacitat</h2>
<p><strong>Fundación Humanitas Internacional</strong> est<span class="citation-3795 citation-end-3795">à plenament compromesa amb el compliment de la normativa i el Reglament General de Protecció de Dades de la Unió Europea i la normativa relativa a la protecció de dades de caràcter personal vigent en cada moment.</span></p>
<p>&nbsp;</p>
<p><strong>Fundación Humanitas Internacional</strong> ha pres la determinació d&#8217;implementar els principis següents, essent la privacitat la base sobre la qual es configuren tots els tractaments:</p>
<ul>
<li>La transparència en el tractament de dades: sempre que captem dades personals sobre vostè, l&#8217;informarem degudament de les finalitats d&#8217;aquest tractament a la política de privacitat corresponent.</li>
<li>Sempre tractarem les dades que siguin estrictament necessàries per dur a terme el tractament informat.</li>
<li>Mai l&#8217;obligarem a proporcionar dades personals, a menys que realment siguin necessàries per prestar-li el servei que, si escau, ens sol·liciti.</li>
<li>No compartirem dades amb cap tercer, excepte amb aquells proveïdors que ens prestin un servei, o amb aquells dels quals vostè hagi estat prèviament informat i ens hagi donat el seu consentiment.</li>
</ul>
<p>&nbsp;</p>
<p><strong>Fundación Humanitas Internacional</strong> <span class="citation-3794 citation-end-3794">obté les seves dades personals per poder gestionar les seves sol·licituds i oferir-li els serveis i productes en què pugui estar interessat. En concret, tractem les seves dades personals amb les finalitats segü</span>ents:</p>
<ul>
<li>Atendre les seves consultes, preguntes o sol·licituds realitzades a través dels canals d&#8217;atenció o comunicació o premsa identificats a cada pàgina web i posar-nos en contacte amb vostè per resoldre-les.</li>
<li>Millorar les nostres pàgines web, serveis i productes i oferir un millor servei i contingut.</li>
<li>Oferir-li accés als espais restringits de la nostra pàgina web (el registre pot exigir l&#8217;acceptació d&#8217;una política de privacitat específica).</li>
</ul>
<p>&nbsp;</p>
<h2>Enviament de comunicacions comercials</h2>
<p><strong>Fundación Humanitas Internacional</strong> pot facilitar-li recursos de registre o subscripció a notícies o informació general o comercial de la companyia. Aquests recursos estaran sempre subjectes al seu consentiment per remetre&#8217;ls. En el cas que ens hagi autoritzat, Fundació Humanitas Internacional li <span class="citation-3793 citation-end-3793">enviarà informació sobre els seus productes, activitats i serveis personalitzats per a vostè, d&#8217;acord amb els seus gustos i les seves preferències.</span> <span class="citation-3792 citation-end-3792">Podrà revocar el seu consentiment a rebre comunicacions comercials en qualsevol moment, mitjançan</span>t el enllaç o botó a l&#8217;efecte en cadascuna de les comunicacions.</p>
<div class="source-inline-chip-container luminous-sources ng-star-inserted"></div>
<p>&nbsp;</p>
<h2>Durada del tractament i termini de conservació</h2>
<p>En <strong>Fundación Humanitas Internacional</strong>, <span class="citation-3790 citation-3791 citation-end-3791">tractem les dades personals mentre realment ens siguin útils i puguem oferir-li un servei de qualitat. Per això, minimitzem el termini de tractament i la conservació de les dades personals.</span> <span class="citation-3788 citation-3789 citation-end-3789">En qualsevol c</span><span class="citation-3788 citation-end-3788">as, i encara que ens sol·lic</span>iti que eliminem les seves dades, podrem conservar-les i mantenir-les, sota el bloqueig adequat, durant el termini necessari per complir les nostres obligacions legals.</p>
<div class="source-inline-chip-container luminous-sources ng-star-inserted"></div>
<p>&nbsp;</p>
<h2>Exercici de drets i reclamacions davant l&#8217;AEPD</h2>
<p>Com a conseqüència del tractament de les seves dades personals per part de la Fundació Humanitas Internacional, la legislació vigent li atorga una sèrie <span class="citation-3786 citation-3787 citation-end-3787">de drets:</span></p>
<ul>
<li><b data-path-to-node="10,0,0" data-index-in-node="0"><span class="citation-3784 citation-3785">Dret d&#8217;accés:</span></b><span class="citation-3784 citation-3785 citation-end-3785"> Vostè tindrà dret a conèixer les dades personals que tractem sobre vostè i les finalitats amb què les tractem.</span></li>
<li><b data-path-to-node="10,1,0" data-index-in-node="0"><span class="citation-3782 citation-3783">Dret de rectificació:</span></b><span class="citation-3782 citation-3783 citation-end-3783"> Pot sol·licitar-nos la seva rectificació en qualsevol moment en cas que aquelles que es</span><span class="citation-3782 citation-end-3782">tiguessi</span>n en els nostres registres fossin errònies.</li>
<li><b data-path-to-node="10,2,0" data-index-in-node="0">Dret de supressió:</b> Podrà sol·licitar, en qualsevol moment, que les seves dades personals siguin suprimides dels nostres arxius.</li>
<li><b data-path-to-node="10,3,0" data-index-in-node="0"><span class="citation-3779 citation-3780 citation-3781">Dret d&#8217;oposició:</span></b><span class="citation-3779 citation-3780 citation-3781 citation-end-3781"> Vostè podrà oposar-se al tractament de les seves dades en relació amb qualsevol de les finalitats amb què tractem les seves dades, d&#8217;acord amb les polítiques de privacitat aplicables en cada cas.</span></li>
<li><b data-path-to-node="10,4,0" data-index-in-node="0"><span class="citation-3776 citation-3777 citation-3778 citation-end-3778">Dre</span><span class="citation-3776 citation-3777">t de limitació del tractament:</span></b><span class="citation-3776 citation-3777 citation-end-3777"> Vostè podrà sol·licitar la limitació del tracta</span><span class="citation-3776 citation-end-3776">ment, si considera que les dades que mantenim sobre vostè no són correctes o exactes; s</span>i considera que no estem tractant les seves dades de manera legítima i prefereix que limitem el tractament d&#8217;aquestes a la seva eliminació; o si les dades que mantenim ja no ens són necessàries conforment a la finalitat per a la qual les vam recollir.</li>
</ul>
<p>&nbsp;</p>
<h2>Confidencialitat</h2>
<p>Ens mecomprometem a tractar les seves dades amb la màxima confidencialitat i discreció, així com a implementar totes les mesures de seguretat que considerem oportunes i raonables.</p>

<p>Les seves dades personals seran tractades de manera confidencial i només per a aquelles finalitats que vostè hagi consentit, tal com s&#8217;explica a continuació en aquesta Política de Privacitat i en cadascuna de les Polítiques de Privacitat dels diferents formularis. &nbsp; Compromís amb la privacitat Fundación Humanitas Internacional està plenament compromesa amb el compliment de [&hellip;]</p>
